0542254
In base 14, what is 3a + -1b688?
-1b64c
In base 3, what is 2121022101110 - -110120?
2121022212000
In base 10, what is 73701 + -561?
73140
In base 14, what is 6c737 - 8?
6c72d
In base 3, what is 11222 + -102211210011?
-102211121012
In base 15, what is -6 + -1dcc5e8?
-1dcc5ee
In base 2, what is -100 - -101011100010011011010?
101011100010011010110
In base 10, what is -83695 - 1718?
-85413
In base 4, what is -22211 + -231001331?
-231030202
In base 14, what is -1 - -3a494639?
3a494638
In base 12, what is -283 + -b2533?
-b27b6
In base 4, what is 30100110 + 121333?
30222103
In base 13, what is -c5ba8 + 1a3?
-c5a05
In base 3, what is -1111 + -102002021001200?
-102002021010011
In base 16, what is 3e351 + -53?
3e2fe
In base 6, what is 2113 - 144132454?
-144130341
In base 3, what is 21211011 + -20102?
21120202
In base 14, what is -c577b19 - 6?
-c577b21
In base 3, what is -200200121120 - 10?
-200200121200
In base 15, what is -a7 + 14ab31?
14aa79
In base 9, what is 3221 + -166624?
-163403
In base 8, what is -17 - -1000300?
1000261
In base 13, what is 12b0 + 411?
16c1
In base 6, what is 441 - 3202502?
-3202021
In base 8, what is -15603716 + 5?
-15603711
In base 14, what is -1 + 1ba4b47?
1ba4b46
In base 8, what is 73 - 140701?
-140606
In base 6, what is 123500 + -1150?
122310
In base 11, what is -804 + -25234?
-25a38
In base 9, what is -601855 - 326?
-602282
In base 3, what is -220100 - -120100021211?
120022101111
In base 7, what is 16614 - -123551?
143465
In base 6, what is 1255 + -323440?
-322141
In base 16, what is -23 + -fbba?
-fbdd
In base 15, what is -3e06165 - 2?
-3e06167
In base 16, what is -422e + d9?
-4155
In base 13, what is -5 + 898c7a?
898c75
In base 11, what is -120248449 + 1?
-120248448
In base 15, what is -97a - 65d7?
-7062
In base 9, what is 75 + 146302?
146377
In base 14, what is -1a78 - 4db?
-2175
In base 13, what is 1 + 609a8b?
609a8c
In base 8, what is -11610 + 7337?
-2251
In base 11, what is -7711742 - -3?
-771173a
In base 5, what is -442141 + 2344?
-434242
In base 11, what is -18640a1 + -1?
-18640a2
In base 15, what is c - 5a6d58?
-5a6d4b
In base 4, what is 1311103 - 130312?
1120131
In base 16, what is -1455 + 80be?
6c69
In base 14, what is -9243544 + -5?
-9243549
In base 10, what is 4927 + -2576?
2351
In base 16, what is 4 - -44fdc6?
44fdca
In base 3, what is -12201112010221 + 0?
-12201112010221
In base 9, what is -440 - -262846?
262406
In base 16, what is -32 - -59bf00?
59bece
In base 4, what is 121 + 1011302121?
1011302302
In base 7, what is -5 - 31226121?
-31226126
In base 5, what is -11012404220 + -3?
-11012404223
In base 8, what is -116746075 - -4?
-116746071
In base 7, what is -21 - -140302131?
140302110
In base 11, what is -975aa + -154?
-97753
In base 7, what is -5 - -54244064?
54244056
In base 6, what is 5 + -55444135?
-55444130
In base 15, what is 6 - -3173278?
317327e
In base 3, what is -10 - -10002200221111211?
10002200221111201
In base 14, what is -44555d - -69?
-4454d4
In base 8, what is 3 - 575700513?
-575700510
In base 11, what is aa8a - -271?
10250
In base 12, what is -597a + 37852?
31a94
In base 16, what is a - -93986?
93990
In base 2, what is 1001010 - -100101100001101011?
100101100010110101
In base 8, what is 1072 + -61026?
-57734
In base 12, what is -5 - 37a85473?
-37a85478
In base 12, what is 5b7 + 1185?
1780
In base 16, what is -448 - 376d?
-3bb5
In base 12, what is -906 + -3aa7?
-47b1
In base 10, what is 33 + 715835?
715868
In base 10, what is -7435 + 906?
-6529
In base 5, what is -24 - 143104003?
-143104032
In base 15, what is 3c - 1c072d?
-1c06e1
In base 2, what is -1010011010001100101011 - 1?
-1010011010001100101100
In base 9, what is 2171101671 + -4?
2171101666
In base 16, what is 21d24 - -1687?
233ab
In base 11, what is 1142 - 17a29?
-16897
In base 11, what is 46673 - 79?
465a5
In base 8, what is 62420157 - -13?
62420172
In base 5, what is -1400302 - 23424?
-1424231
In base 3, what is -1 - 110120001122?
-110120001200
In base 6, what is 1253132 + -51545?
1201143
In base 5, what is -22 - 103201311?
-103201333
In base 10, what is 1363259 + -4?
1363255
In base 4, what is 32312130302000 + 10?
32312130302010
In base 11, what is 1094 + -97437?
-96353
In base 6, what is 3445 - 10305010?
-10301121
In base 15, what is 1 - 1a852b?
-1a852a
In base 13, what is 157a + -76b01?
-75554
In base 5, what is 0 + 2124144233?
2124144233
In base 13, what is -3642 - -1702?
-1c40
In base 5, what is 113412010 + 10?
113412020
In base 14, what is 3 - -33d173?
33d176
In base 6, what is 2541420314 + -4?
2541420310
In base 4, what is -1 + 110223121021?
110223121020
In base 2, what is -1010111000100100 + 110?
-1010111000011110
In base 8, what is -17 + -73536524?
-73536543
In base 4, what is -101 - -10121212?
10121111
In base 9, what is -10 + -662867?
-662877
In base 3, what is -21212201112002 - -2001?
-21212201110001
In base 7, what is 33 - -2352522?
2352555
In base 14, what is -a46 - b3dc?
-c044
In base 8, what is -24615 + 1701?
-22714
In base 14, what is -2905 + 154d?
-1396
In base 13, what is 0 + -9a0575?
-9a0575
In base 10, what is -9558 + 1557?
-8001
In base 16, what is 8 + 85fc8?
85fd0
In base 5, what is -22 - -112031433?
112031411
In base 14, what is 347117c + 22?
34711a0
In base 13, what is 1c5370568 + -2?
1c5370566
In base 5, what is 1122214402 + -22?
1122214330
In base 7, what is 6465426 + 502?
6466231
In base 6, what is -500550555 + -32?
-500551031
In base 5, what is -231213244210 - 10?
-231213244220
In base 14, what is 6b7b3b - 36?
6b7b05
In base 3, what is -11112212100 + -11212022?
-11201201122
In base 12, what is aa9a - 172a?
9370
In base 16, what is 68a24 + -2f?
689f5
In base 5, what is -12134422120 + 32?
-12134422033
In base 12, what is 11909 - 787?
11142
In base 15, what is 864 - -2531?
2d95
In base 14, what is -611408 + -2?
-61140a
In base 6, what is -143 - -3343045?
3342502
In base 2, what is 100 - -1001101011100100000110011?
1001101011100100000110111
In base 6, what is 13235 - -435434?
453113
In base 14, what is 883acd - 4?
883ac9
In base 9, what is 54430 - 805?
53524
In base 3, what is -112100020211210 - -2?
-112100020211201
In base 15, what is -12d - -16600?
164c2
In base 6, what is -2 - 4223202033?
-4223202035
In base 6, what is -11 - -454025005?
454024554
In base 4, what is -1312132103021 - 11?
-1312132103032
In base 4, what is 2211122 + -131312?
2013210
In base 3, what is 22222212200 + -2?
22222212121
In base 15, what is 1 + 210e5b?
210e5c
In base 12, what is 40 - -a67176?
a671b6
In base 4, what is -1032111332 + 3112?
-1032102220
In base 10, what is 120 - 301142?
-301022
In base 15, what is -bb2 - 90e?
-15c1
In base 5, what is 103341 - -2012210?
2121101
In base 5, what is -14340 - -24012?
4122
In base 16, what is 163cc4 + 2?
163cc6
In base 16, what is efa + 53?
f4d
In base 5, what is 13042 - 320404?
-302312
In base 13, what is 2607c + 18?
26097
In base 11, what is 1111a + 13a?
11259
In base 14, what is -da - -1b1a6?
1b0aa
In base 5, what is 122424432431 + -12?
122424432414
In base 12, what is -69 + -1b2847?
-1b28b4
In base 4, what is 112102 - -10232003331?
10232122033
In base 9, what is 58212512 - 3?
58212508
In base 4, what is -10 + -10310003100103?
-10310003100113
In base 12, what is -483663 + 20?
-483643
In base 10, what is 95 + -2035120?
-2035025
In base 4, what is -133221 - 1100222?
-1300103
In base 14, what is -a - 4aa019b?
-4aa01a7
In base 9, what is 11 + 66857?
66868
In base 10, what is 4 - -5483972?
5483976
In base 6, what is 33012 - -21?
33033
In base 8, what is 3220 + -11734?
-6514
In base 8, what is 0 - 565210636?
-565210636
In base 12, what is -33b289811 - -1?
-33b289810
In base 13, what is 5 + 16242bb?
16242c3
In base 6, what is -45205053 + 32?
-45205021
In base 11, what is 18379 + -103?
18276
In base 5, what is 2300 + 1022143?
1024443
In base 12, what is -b89 + 47573?
465a6
In base 13, what is 1426 + -723?
a03
In base 2, what is 1001101110111 - 11011110?
1001010011001
In base 11, what is -158 - 503a8?
-50555
In base 2, what is 11 + -1111010100101111000?
-1111010100101110101
In base 12, what is ba21239 + -3?
ba21236
In base 7, what is -111 - 134404?
-134515
In base 13, what is 2 - 576c64?
-576c62
In base 4, what is 33102 + 1230?
100332
In base 4, what is -321 + 123323103020?
123323102033